988?
False
Is 311 a factor of 262169?
False
Is 91 a factor of 1469650?
True
Is 4584031 a multiple of 22?
False
Does 13 divide 286052?
True
Is 64 a factor of 243287?
False
Is 92 a factor of 156860?
True
Does 27 divide 270888?
False
Is 360916 a multiple of 92?
True
Does 15 divide 671182?
False
Is 7777 a multiple of 14?
False
Is 28032 a multiple of 63?
False
Does 38 divide 661663?
False
Is 11166219 a multiple of 327?
False
Is 29 a factor of 438538?
True
Does 13 divide 224614?
True
Is 1013 a multiple of 3?
False
Is 3044547 a multiple of 9?
True
Does 64 divide 576960?
True
Is 9 a factor of 179402?
False
Is 24 a factor of 26430?
False
Is 108 a factor of 50719?
False
Is 673393 a multiple of 7?
True
Does 68 divide 89019?
False
Is 224 a factor of 478413?
False
Does 24 divide 6215856?
True
Does 167 divide 1671192?
False
Is 270665 a multiple of 27?
False
Is 867885 a multiple of 18?
False
Is 2097287 a multiple of 3?
False
Does 54 divide 1826604?
True
Does 79 divide 7820015?
False
Does 36 divide 4641505?
False
Does 33 divide 642906?
True
Is 4300310 a multiple of 19?
False
Is 100 a factor of 766500?
True
Is 1506115 a multiple of 380?
False
Does 31 divide 243994?
False
Does 716 divide 2911972?
True
Is 98700 a multiple of 75?
True
Is 38 a factor of 1426520?
True
Is 3876999 a multiple of 33?
False
Does 60 divide 96130?
False
Does 241 divide 1892816?
False
Does 32 divide 115072?
True
Is 217615 a multiple of 355?
True
Is 118232 a multiple of 10?
False
Is 24 a factor of 1027669?
False
Is 106 a factor of 10187554?
True
Is 8945152 a multiple of 32?
True
Is 4989510 a multiple of 29?
False
Is 268 a factor of 780899?
False
Is 2128520 a multiple of 61?
False
Is 58842 a multiple of 42?
True
Is 7303210 a multiple of 102?
False
Does 20 divide 288485?
False
Does 4 divide 4108964?
True
Is 5232862 a multiple of 62?
True
Is 18688 a multiple of 146?
True
Does 12 divide 831924?
True
Does 145 divide 469186?
False
Is 776316 a multiple of 5?
False
Is 13 a factor of 116246?
True
Does 182 divide 1381562?
True
Does 4 divide 117675?
False
Is 53025 a multiple of 3?
True
Is 95 a factor of 9026520?
True
Does 109 divide 68016?
True
Does 284 divide 467748?
True
Is 642880 a multiple of 56?
True
Is 190 a factor of 4187790?
True
Is 74 a factor of 321344?
False
Is 361 a factor of 479408?
True
Is 231 a factor of 45460?
False
Does 40 divide 409320?
True
Does 88 divide 781000?
True
Does 203 divide 5514901?
True
Does 14 divide 228449?
False
Does 4 divide 4411?
False
Does 76 divide 73568?
True
Is 12 a factor of 34320?
True
Is 5632530 a multiple of 30?
True
Is 15248899 a multiple of 48?
False
Does 916 divide 1601947?
False
Does 46 divide 46196?
False
Is 45 a factor of 2119?
False
Does 147 divide 4888706?
False
Is 2751496 a multiple of 88?
True
Is 2784937 a multiple of 200?
False
Is 60128 a multiple of 12?
False
Does 15 divide 16584210?
True
Does 11 divide 623?
False
Does 18 divide 14202?
True
Is 61847 a multiple of 82?
False
Is 261 a factor of 2739432?
False
Does 30 divide 881637?
False
Is 85 a factor of 4295305?
True
Does 72 divide 156628?
False
Is 83940 a multiple of 30?
True
Is 13 a factor of 1437?
False
Does 300 divide 669254?
False
Does 442 divide 3048312?
False
Does 39 divide 1107153?
False
Is 4 a factor of 190058?
False
Is 3807605 a multiple of 785?
False
Is 20772 a multiple of 9?
True
Does 4 divide 30814?
False
Is 197 a factor of 162142?
False
Is 128 a factor of 193920?
True
Does 5 divide 136915?
True
Is 28 a factor of 260270?
False
Is 1056199 a multiple of 13?
False
Is 5 a factor of 67973?
False
Is 303 a factor of 10345151?
False
Is 37 a factor of 185823?
False
Is 205489 a multiple of 18?
False
Does 94 divide 9409682?
True
Is 2164334 a multiple of 241?
False
Is 7660534 a multiple of 38?
True
Is 74 a factor of 44104?
True
Is 668448 a multiple of 36?
True
Is 5 a factor of 111592?
False
Is 126254 a multiple of 31?
False
Does 2 divide 2065?
False
Is 3 a factor of 21584?
False
Is 766784 a multiple of 6?
False
Does 277 divide 2892626?
False
Does 360 divide 46207?
False
Is 263685 a multiple of 13?
False
Does 128 divide 1344832?
False
Is 1499001 a multiple of 44?
False
Does 3 divide 42573?
True
Is 2046325 a multiple of 10?
False
Does 462 divide 249942?
True
Is 879981 a multiple of 237?
True
Is 2393874 a multiple of 21?
True
Is 166 a factor of 52232?
False
Is 15965927 a multiple of 103?
True
Is 21 a factor of 363278?
False
Does 805 divide 595732?
False
Is 161 a factor of 48966?
False
Does 67 divide 9706?
False
Does 795 divide 392730?
True
Is 567 a factor of 2981637?
False
Does 3 divide 31774?
False
Does 42 divide 180684?
True
Is 226041 a multiple of 321?
False
Is 4221088 a multiple of 16?
True
Is 219 a factor of 1099818?
True
Is 41 a factor of 1297069?
False
Is 11 a factor of 261547?
True
Is 16425 a multiple of 75?
True
Does 290 divide 22620?
True
Is 5981287 a multiple of 285?
False
Does 121 divide 155727?
True
Does 1716 divide 5463744?
True
Is 150348 a multiple of 402?
True
Does 138 divide 1914198?
True
Is 58 a factor of 4114462?
True
Is 16127232 a multiple of 32?
True
Is 376904 a multiple of 4?
True
Is 59863 a multiple of 41?
False
Is 357 a factor of 130305?
True
Is 942500 a multiple of 725?
True
Is 33091 a multiple of 3?
False
Does 328 divide 92259?
False
Does 17 divide 40630?
True
Does 18 divide 451350?
True
Is 97758 a multiple of 3?
True
Does 3 divide 135152?
False
Is 8249136 a multiple of 541?
False
Is 11 a factor of 12217?
False
Does 11 divide 282438?
False
Is 14 a factor of 1236398?
False
Is 106206 a multiple of 1214?
False
Is 399102 a multiple of 569?
False
Is 305 a factor of 3483657?
False
Is 3141270 a multiple of 3?
True
Does 14 divide 31066?
True
Is 39837 a multiple of 147?
True
Does 23 divide 440933?
True
Does 2 divide 4599245?
False
Is 21 a factor of 231084?
True
Is 509276 a multiple of 76?
True
Is 93389 a multiple of 22?
False
Is 8632772 a multiple of 67?
False
Does 203 divide 909640?
False
Is 58946 a multiple of 97?
False
Does 175 divide 148050?
True
Does 160 divide 1974318?
False
Is 3 a factor of 1137651?
True
Is 37 a factor of 36667?
True
Is 4226122 a multiple of 547?
True
Is 104518 a multiple of 140?
False
Is 312700 a multiple of 14?
False
Is 794480 a multiple of 5?
True
Does 73 divide 2343812?
False
Is 4925214 a multiple of 126?
True
Is 10 a factor of 16030700?
True
Is 662460 a multiple of 183?
True
Is 181413 a multiple of 200?
False
Is 69 a factor of 122841?
False
Does 116 divide 2861024?
True
Does 9 divide 46425?
False
Does 46 divide 271424?
False
Does 684 divide 4388544?
True
Is 130200 a multiple of 10?
True
Is 10 a factor of 15770?
True
Does 12 divide 464796?
True
Is 719 a factor of 1093599?
True
Does 688 divide 326425?
False
Does 64 divide 460493?
False
Does 48 divide 299926?
False
Is 142475 a multiple of 41?
True
Is 1142848 a multiple of 56?
True
Does 309 divide 1151025?
True
Does 58 divide 16423?
False
Is 230176 a multiple of 42?
False
Is 152 a factor of 1014600?
True
Is 65201 a multiple of 448?
False
Is 4 a factor of 756988?
True
Does 1024 divide 4106510?
False
Is 12 a factor of 42300?
True
Does 23 divide 110777?
False
Is 332262 a multiple of 189?
True
Does 1055 divide 914282?
False
Is 431 a factor of 284194?
False
Does 11 divide 3053264?
False
Does 26 divide 311480?
True
Does 1662 divide 7030260?
True
Is 5 a factor of 6784760?
True
Does 15 divide 21715485?
True
Does 10 divide 1249091?
False
Is 84 a factor of 5051844?
True
Is 45 a factor of 336060?
True
Is 17325 a multiple of 175?
True
Is 1521585 a multiple of 255?
True
Is 1357426 a multiple of 113?
False
Is 56 a factor of 27013336?
True
Does 361 divide 483151?
False
Is 300265 a multiple of 7?
True
Does 37 divide 169238?
True
Does 13 divide 3019139?
False
Is 277537 a multiple of 37?
True
Is 436896 a multiple of 24?
True
Is 74736 a multiple of 8?
True
Is 12 a factor of 1226?
False
Does 10 divide 245009?
False
Does 89 divide 43253?
False
Is 2213570 a multiple of 85?
True
Is 6 a factor of 18539?
False
Is 379452 a multiple of 22?
False
Is 104 a factor of 1960141?
False
Is 1082031 a multiple of 123?
True
Is 42 a factor of 7186620?
True
Is 74245 a multiple of 6?
False
Does 67 divide 7714328?
False
Does 21 divide 286020?
True
Is 1593935 a multiple of 7?
True
Is 14611361 a multiple of 12?
False
Is 333 a factor of 1310022?
Tr